[INFO] cloning repository https://github.com/stmtk1/blog_os2
[INFO] running `Command { std: "git" "-c" "credential.helper=" "-c" "credential.helper=/workspace/cargo-home/bin/git-credential-null" "clone" "--bare" "https://github.com/stmtk1/blog_os2" "/workspace/cache/git-repos/https%3A%2F%2Fgithub.com%2Fstmtk1%2Fblog_os2", kill_on_drop: false }`
[INFO] [stderr] Cloning into bare repository '/workspace/cache/git-repos/https%3A%2F%2Fgithub.com%2Fstmtk1%2Fblog_os2'...
[INFO] running `Command { std: "git" "rev-parse" "HEAD", kill_on_drop: false }`
[INFO] [stdout] c7892a5890f9fcf27b5a1ce2d885099244544bf5
[INFO] building stmtk1/blog_os2 against master#881c1ac408d93bb7adaa3a51dabab9266e82eee8 for issue-85264
[INFO] running `Command { std: "git" "clone" "/workspace/cache/git-repos/https%3A%2F%2Fgithub.com%2Fstmtk1%2Fblog_os2" "/workspace/builds/worker-0/source", kill_on_drop: false }`
[INFO] [stderr] Cloning into '/workspace/builds/worker-0/source'...
[INFO] [stderr] done.
[INFO] validating manifest of git repo https://github.com/stmtk1/blog_os2 on toolchain 881c1ac408d93bb7adaa3a51dabab9266e82eee8
[INFO] running `Command { std: "/workspace/cargo-home/bin/cargo" "+881c1ac408d93bb7adaa3a51dabab9266e82eee8" "metadata" "--manifest-path" "Cargo.toml" "--no-deps", kill_on_drop: false }`
[INFO] removed /workspace/builds/worker-0/source/.cargo/config.toml
[INFO] started tweaking git repo https://github.com/stmtk1/blog_os2
[INFO] removed 0 missing tests
[INFO] finished tweaking git repo https://github.com/stmtk1/blog_os2
[INFO] tweaked toml for git repo https://github.com/stmtk1/blog_os2 written to /workspace/builds/worker-0/source/Cargo.toml
[INFO] crate git repo https://github.com/stmtk1/blog_os2 already has a lockfile, it will not be regenerated
[INFO] running `Command { std: "/workspace/cargo-home/bin/cargo" "+881c1ac408d93bb7adaa3a51dabab9266e82eee8" "fetch" "--manifest-path" "Cargo.toml", kill_on_drop: false }`
[INFO] [stderr]  Downloading crates ...
[INFO] [stderr]   Downloaded x86_64 v0.13.6
[INFO] [stderr]   Downloaded x86_64 v0.14.0
[INFO] [stderr]   Downloaded volatile v0.4.4
[INFO] [stderr]   Downloaded bootloader v0.9.17
[INFO] [stderr]   Downloaded uart_16550 v0.2.13
[INFO] running `Command { std: "docker" "create" "-v" "/var/lib/crater-agent-workspace/builds/worker-0/target:/opt/rustwide/target:rw,Z" "-v" "/var/lib/crater-agent-workspace/builds/worker-0/source:/opt/rustwide/workdir:ro,Z" "-v" "/var/lib/crater-agent-workspace/cargo-home:/opt/rustwide/cargo-home:ro,Z" "-v" "/var/lib/crater-agent-workspace/rustup-home:/opt/rustwide/rustup-home:ro,Z" "-e" "SOURCE_DIR=/opt/rustwide/workdir" "-e" "CARGO_TARGET_DIR=/opt/rustwide/target" "-e" "CARGO_HOME=/opt/rustwide/cargo-home" "-e" "RUSTUP_HOME=/opt/rustwide/rustup-home" "-w" "/opt/rustwide/workdir" "-m" "1610612736" "--user" "0:0" "--network" "none" "ghcr.io/rust-lang/crates-build-env/linux@sha256:20528e8c29e4536546f0102ce88568b16ea7538393a33fcca951030f7af10457" "/opt/rustwide/cargo-home/bin/cargo" "+881c1ac408d93bb7adaa3a51dabab9266e82eee8" "metadata" "--no-deps" "--format-version=1", kill_on_drop: false }`
[INFO] [stdout] 016e563f191f7b19c510bbb443d625cf223a0e85cce2b1435fe67a9a2677262e
[INFO] [stderr] WARNING: Your kernel does not support swap limit capabilities or the cgroup is not mounted. Memory limited without swap.
[INFO] running `Command { std: "docker" "start" "-a" "016e563f191f7b19c510bbb443d625cf223a0e85cce2b1435fe67a9a2677262e", kill_on_drop: false }`
[INFO] running `Command { std: "docker" "inspect" "016e563f191f7b19c510bbb443d625cf223a0e85cce2b1435fe67a9a2677262e", kill_on_drop: false }`
[INFO] running `Command { std: "docker" "rm" "-f" "016e563f191f7b19c510bbb443d625cf223a0e85cce2b1435fe67a9a2677262e", kill_on_drop: false }`
[INFO] [stdout] 016e563f191f7b19c510bbb443d625cf223a0e85cce2b1435fe67a9a2677262e
[INFO] running `Command { std: "docker" "create" "-v" "/var/lib/crater-agent-workspace/builds/worker-0/target:/opt/rustwide/target:rw,Z" "-v" "/var/lib/crater-agent-workspace/builds/worker-0/source:/opt/rustwide/workdir:ro,Z" "-v" "/var/lib/crater-agent-workspace/cargo-home:/opt/rustwide/cargo-home:ro,Z" "-v" "/var/lib/crater-agent-workspace/rustup-home:/opt/rustwide/rustup-home:ro,Z" "-e" "SOURCE_DIR=/opt/rustwide/workdir" "-e" "CARGO_TARGET_DIR=/opt/rustwide/target" "-e" "CARGO_INCREMENTAL=0" "-e" "RUST_BACKTRACE=full" "-e" "RUSTFLAGS=--cap-lints=forbid" "-e" "CARGO_HOME=/opt/rustwide/cargo-home" "-e" "RUSTUP_HOME=/opt/rustwide/rustup-home" "-w" "/opt/rustwide/workdir" "-m" "1610612736" "--user" "0:0" "--network" "none" "ghcr.io/rust-lang/crates-build-env/linux@sha256:20528e8c29e4536546f0102ce88568b16ea7538393a33fcca951030f7af10457" "/opt/rustwide/cargo-home/bin/cargo" "+881c1ac408d93bb7adaa3a51dabab9266e82eee8" "build" "--frozen" "--message-format=json", kill_on_drop: false }`
[INFO] [stdout] af3ad594ee34f30987277e881514c79ec189dd754f9359220acf069f850791dc
[INFO] [stderr] WARNING: Your kernel does not support swap limit capabilities or the cgroup is not mounted. Memory limited without swap.
[INFO] running `Command { std: "docker" "start" "-a" "af3ad594ee34f30987277e881514c79ec189dd754f9359220acf069f850791dc", kill_on_drop: false }`
[INFO] [stderr]    Compiling bitflags v1.2.1
[INFO] [stderr]    Compiling x86_64 v0.14.0
[INFO] [stderr]    Compiling bit_field v0.9.0
[INFO] [stderr]    Compiling bootloader v0.9.17
[INFO] [stderr]    Compiling x86_64 v0.13.6
[INFO] [stderr]    Compiling volatile v0.4.4
[INFO] [stderr]    Compiling spin v0.5.2
[INFO] [stderr]    Compiling volatile v0.2.7
[INFO] [stderr]    Compiling lazy_static v1.4.0
[INFO] [stdout] error[E0658]: trait bounds other than `Sized` on const fn parameters are unstable
[INFO] [stdout]   --> /opt/rustwide/cargo-home/registry/src/github.com-1ecc6299db9ec823/x86_64-0.13.6/src/structures/paging/frame.rs:18:6
[INFO] [stdout]    |
[INFO] [stdout] 18 | impl<S: PageSize> PhysFrame<S> {
[INFO] [stdout]    |      ^
[INFO] [stdout]    |
[INFO] [stdout]    = note: see issue #57563 <https://github.com/rust-lang/rust/issues/57563> for more information
[INFO] [stdout]    = help: add `#![feature(const_fn_trait_bound)]` to the crate attributes to enable
[INFO] [stdout] 
[INFO] [stdout] 
[INFO] [stdout] error[E0658]: trait bounds other than `Sized` on const fn parameters are unstable
[INFO] [stdout]   --> /opt/rustwide/cargo-home/registry/src/github.com-1ecc6299db9ec823/x86_64-0.13.6/src/structures/paging/page.rs:62:6
[INFO] [stdout]    |
[INFO] [stdout] 62 | impl<S: PageSize> Page<S> {
[INFO] [stdout]    |      ^
[INFO] [stdout]    |
[INFO] [stdout]    = note: see issue #57563 <https://github.com/rust-lang/rust/issues/57563> for more information
[INFO] [stdout]    = help: add `#![feature(const_fn_trait_bound)]` to the crate attributes to enable
[INFO] [stdout] 
[INFO] [stdout] 
[INFO] [stdout] error[E0658]: trait bounds other than `Sized` on const fn parameters are unstable
[INFO] [stdout]    --> /opt/rustwide/cargo-home/registry/src/github.com-1ecc6299db9ec823/x86_64-0.13.6/src/structures/paging/page.rs:150:6
[INFO] [stdout]     |
[INFO] [stdout] 150 | impl<S: NotGiantPageSize> Page<S> {
[INFO] [stdout]     |      ^
[INFO] [stdout]     |
[INFO] [stdout]     = note: see issue #57563 <https://github.com/rust-lang/rust/issues/57563> for more information
[INFO] [stdout]     = help: add `#![feature(const_fn_trait_bound)]` to the crate attributes to enable
[INFO] [stdout] 
[INFO] [stdout] 
[INFO] [stdout] error: aborting due to 3 previous errors
[INFO] [stdout] 
[INFO] [stdout] 
[INFO] [stdout] For more information about this error, try `rustc --explain E0658`.
[INFO] [stdout] 
[INFO] [stderr] error: could not compile `x86_64`
[INFO] [stderr] 
[INFO] [stderr] To learn more, run the command again with --verbose.
[INFO] [stderr] warning: build failed, waiting for other jobs to finish...
[INFO] [stderr] error: build failed
[INFO] running `Command { std: "docker" "inspect" "af3ad594ee34f30987277e881514c79ec189dd754f9359220acf069f850791dc", kill_on_drop: false }`
[INFO] running `Command { std: "docker" "rm" "-f" "af3ad594ee34f30987277e881514c79ec189dd754f9359220acf069f850791dc", kill_on_drop: false }`
[INFO] [stdout] af3ad594ee34f30987277e881514c79ec189dd754f9359220acf069f850791dc
